atest common divisor of 5 and k.
5
Suppose 0 = 7*g - 14*g - 175. Let x = 27 + g. Let k be (-1)/x + 162/12. Calculate the highest common factor of k and 104.
13
Suppose -42 - 303 = -23*t. Suppose -t*c + 364 = -2*c. What is the greatest common divisor of 364 and c?
28
Suppose 0 = -207*c + 203*c + 9780. What is the greatest common divisor of c and 60?
15
Let i = -588 + 590. Suppose -i*s + 12*o = 17*o - 155, -5*s + 335 = -5*o. Calculate the greatest common factor of 49 and s.
7
Let s(z) = 28*z + 106. Let p be s(-4). Let j be 3/p + (-92)/(-8) + -1. What is the highest common divisor of 10 and j?
10
Suppose -282*l + 29148 + 53760 = 0. What is the highest common factor of 1932 and l?
42
Suppose 5*n = -q + 2399, -5*n = 35*q - 30*q - 11915. What is the greatest common factor of 1159 and q?
61
Let l(o) = 30*o**3 - 10*o**2 + 9*o - 10. Let m be l(2). What is the highest common divisor of 512 and m?
16
Let q = 41 - 42. Let p be (6/(-12))/(q/14). Suppose -p = 4*g - 47. Calculate the highest common factor of 110 and g.
10
Let q(i) = 7*i - 6. Let k(x) = -15*x + 13. Let m(j) = -6*k(j) - 13*q(j). Let h be m(5). Let r = -4 - h. Calculate the greatest common divisor of r and 7.
1
Let p(v) = 43*v - 4610. Let c be p(110). What is the greatest common divisor of 10240 and c?
40
Suppose -7*u - 10*u + 18560 = -u. What is the highest common factor of 56 and u?
8
Let o = 1 - -2. Let d(t) = -1 + 15*t + 1 - 4*t - o. Let k be d(6). Calculate the highest common divisor of 9 and k.
9
Let r = -21438 + 23814. What is the greatest common factor of 270 and r?
54
Suppose 967 = 188*h - 17833. What is the highest common divisor of h and 11950?
50
Let b(w) = -40*w + 2386. Let s be b(58). What is the highest common factor of 9 and s?
3
Suppose -351 = -5*f - 1. Suppose l - f = -l. Let m = -410 - -795. Calculate the highest common factor of l and m.
35
Let g be ((-12)/6)/(6/(-723) + 0). Let m = 248 - g. What is the greatest common factor of 91 and m?
7
Let t(j) = 3*j**2 + 8*j + 21. Let r be t(7). What is the highest common divisor of 182 and r?
14
Suppose -16*t = -13*t - 474. Let z = -146 + t. Calculate the greatest common divisor of z and 156.
12
Let q = 49 + -49. Let i(m) = -m**3 - m**2 + m - 6. Let w be i(q). Let g be w/(-2) - (-138)/(12/6). Calculate the greatest common factor of g and 9.
9
Let j(k) = -2*k**3 - 6*k**2 - k - 24. Let q be j(-4). Suppose -o = p - 81, 2*o - 4*p - 152 = 28. Calculate the greatest common factor of q and o.
12
Let b = 85 + 71. Let x = -317 - -210. Let i = x + b. What is the highest common divisor of i and 49?
49
Let h be 13/(-390)*-114*10/2 + -4. What is the highest common divisor of 43 and h?
1
Suppose 6*q + a = 2*q - 2072, -4*a - 1554 = 3*q. Let o = -419 - q. What is the greatest common factor of 27 and o?
9
Let p = -181 - -184. Let u be (-592)/(-6) + (-2)/p. Calculate the greatest common factor of 14 and u.
14
Let o = 64 + -56. Let y be (-7 - 39)/(-1 + -1). Let f = -19 + y. Calculate the highest common factor of o and f.
4
Suppose 4*l = 4*i + 196, i = l - 4*i - 69. Let g be 70 - (-32)/((-192)/(-42)). Calculate the highest common divisor of g and l.
11
Suppose j = n - 3*j - 308, 952 = 3*n - 5*j. Suppose -255 = 14*i + 3*i - 1632. What is the highest common factor of n and i?
81
Let z = 61376 - 61071. Let j(o) = 2*o**3 + 1 + 7*o - 4*o**2 - o**2 - 4*o. Let y be j(4). Calculate the greatest common divisor of z and y.
61
Suppose -8*u + 1497 + 1511 = 0. Suppose 5*a + n - 943 = 0, 2*a - 4*n = -5*n + u. Calculate the greatest common factor of a and 7.
7
Let j(s) = 107*s**3 + s**2 + s - 2. Let q be j(1). Let p = -107 + q. Suppose p = h + 2*h - 168. What is the greatest common factor of 21 and h?
7
Let o be 14 + -5 + 1 - -3. Suppose 5*t - 90 = -o*t. Calculate the highest common divisor of 45 and t.
5
Let d(t) = 771*t**2 - 24*t + 44. Let r be d(2). Suppose -61*f + 81*f - r = 0. Calculate the greatest common factor of f and 28.
14
Suppose -45*l = -49*l + 20. Suppose -4*k = 8, l*k + 23 + 11 = 4*x. Let o = 18 - x. Calculate the highest common divisor of 20 and o.
4
Suppose 3*k + 2683 = 14425 + 14037. Calculate the highest common divisor of 13 and k.
13
Suppose -7*v + 511 = -308. Calculate the highest common divisor of 22581 and v.
117
Let x(p) = 351*p - 1304. Let f be x(4). Calculate the highest common divisor of f and 7220.
20
Let y = 1023 + -723. Suppose -r = 5*d - 62 + 2, -5*r - 108 = -9*d. What is the highest common divisor of d and y?
12
Suppose 0 = -2*o + a + 6979 - 1575, 0 = -2*o - a + 5388. What is the highest common factor of o and 1207?
71
Let s(x) = -5*x**3 - x**2. Let j be s(-2). Let a(y) = -47*y - 27. Let c be a(9). Let o be (2 - 1)/(-5*5/c). Calculate the highest common divisor of j and o.
18
Suppose 4*c - 180 = -4*o, -2*c - 401*o = -403*o - 86. What is the highest common factor of c and 11264?
44
Let z be -3*(-193572)/270 + (4/(-5) - -1). Calculate the highest common divisor of z and 18.
9
Let h = -17 + 21. Suppose 10*c = 8*c + h. Suppose -c*w + 3*w - 3 = 0. What is the greatest common factor of w and 33?
3
Suppose l + 17 = 21. Suppose 0 = -l*y - 18 + 78. Suppose y*a - 574 - 101 = 0. Calculate the greatest common divisor of a and 60.
15
Let n = 345 - 158. Let x = n - 97. Calculate the greatest common divisor of 18 and x.
18
Let n be (-8)/24*3*-26. Let v(q) = q**3 + 24*q**2 + 63*q + 6. Let b be v(-21). Calculate the highest common divisor of n and b.
2
Let u(g) = 3*g**2 - 78*g - 30. Let m be u(-17). What is the greatest common divisor of m and 42?
21
Let v(g) = 41*g**2 - 618*g + 2461. Let j be v(4). Suppose -5*k + 75 = -0*k. Calculate the greatest common factor of j and k.
15
Let m(n) be the second derivative of n**5/20 - n**4/12 - n**3 + 3*n - 19. Let x be m(6). What is the highest common factor of x and 64?
16
Let k be -15*(-19)/(-760) + (-94089)/(-24) + 0. What is the highest common divisor of 192 and k?
16
Let b(q) = -11*q - 15. Let a be b(-3). Suppose -2*v - 4*w + 18 = 0, -v + 4*w - 3*w + a = 0. What is the highest common factor of 45 and v?
15
Let y = 8194 + -7998. What is the greatest common factor of y and 9506?
98
Let h = -3 - -29. Suppose 11*w + 2*w = h. Calculate the highest common factor of 1 and w.
1
Let d = -416 + 2613. What is the highest common factor of 13 and d?
13
Let p be 372/(-279)*(-10638)/8. Calculate the highest common divisor of p and 36.
9
Suppose 66*l + 109903 - 488161 = 20*l. Calculate the highest common divisor of l and 3.
3
Let j be 33/(6/30 + 441/(-2430)). Let r = 1838 - j. Suppose 2*y - 1344 = -y. Calculate the highest common factor of r and y.
56
Let j be 56/(-25 + 32) - -1211. Calculate the highest common factor of j and 106.
53
Let i be (-8)/(-6)*((-180)/(-16) - 6). Let x be 6/(-9)*-18*i. Suppose 0 = 8*u - x - 140. What is the highest common divisor of u and 140?
28
Let a = -131 + 221. Suppose a = 2*p - 3*l, -3*p + l = 2*l - 113. What is the highest common divisor of 3 and p?
3
Let n be (-39)/(-4) - 26/(-104). Let r be (0 - 4)*(n + -12). Let h be (-2)/r - 15/(-40)*54. Calculate the greatest common factor of 30 and h.
10
Let y(o) = 2*o**2 + 22*o - 44. Let x be y(-14). What is the highest common divisor of x and 120?
40
Let l be (-16 - 1) + 1 + 2. Let i(z) = z**3 + 13*z**2 - 17*z - 6. Let s be i(l). Let d be (-1 - -2)/(3/s). Calculate the highest common divisor of 2 and d.
2
Let x be (1 - 774)/((1 - -4) + -6). Let y = 779 - x. What is the greatest common factor of y and 66?
6
Let x(h) = h**3 - 8*h**2 - 35. Let o be x(11). Calculate the greatest common factor of 492 and o.
164
Let h(c) = -36*c + 1. Let r be h(-4). Let j = -167 - -225. Calculate the highest common factor of r and j.
29
Suppose -4*s + 2874 = 68*d - 71*d, -2*s - 5*d = -1450. Calculate the greatest common factor of s and 648.
72
Suppose -3*t = -6*t + 18. Let z(n) = -n**3 - 22*n**2 - 4*n - 76. Suppose -3*x = 105 - 39. Let r be z(x). Calculate the highest common divisor of t and r.
6
Let p be ((-615)/1353)/((-2)/110). Calculate the greatest common divisor of p and 30.
5
Let k = -9061 - -9415. What is the greatest common factor of k and 11859?
177
Let u = 9250 + -9124. Calculate the greatest common factor of 8631 and u.
63
Let g(x) = x - 5. Let p be g(5). Suppose p = 3*u - 5*t - 20 - 6, -3*u + 4*t + 22 = 0. Calculate the greatest common factor of u and 2.
2
